rmine a(6).
-26
Let w(i) = 25*i**3 - 2*i**2 - i + 1. Calculate w(-1).
-25
Let c(j) = j - 3. Give c(0).
-3
Let w(a) = 2*a**3 + 2*a**2 - 4*a + 7. What is w(0)?
7
Let o(v) = 4*v + 23. Determine o(-5).
3
Let h(g) = -g**2 + 7*g - 20. Determine h(3).
-8
Let w(l) = 4*l**2 + l + 1. Give w(-1).
4
Let x(w) = 26*w + 1039. Determine x(-40).
-1
Let r(k) = 3*k + 15. Calculate r(-6).
-3
Let q(n) = n**3 + 3*n**2 + n - 1. Determine q(-3).
-4
Let b(g) = g**2 + 3*g - 8. What is b(-6)?
10
Let w(n) = n**3 - 19*n**2 - n + 7. What is w(19)?
-12
Let l(d) = d**2 - 13*d + 26. What is l(10)?
-4
Let l(o) = -o - 9. Give l(7).
-16
Let f(n) = n**2 - 6*n - 15. Calculate f(7).
-8
Let v(a) = -a**2 - 5*a + 6. Calculate v(-5).
6
Let l(j) = -2*j - 115. What is l(-55)?
-5
Let v(y) = -3*y + 17. Calculate v(4).
5
Let l(q) = -2*q**3 + q**2 + q + 1. Give l(5).
-219
Let q(s) = -s**2 - s + 151. Determine q(0).
151
Let n(o) = 3*o + 4. Give n(12).
40
Let v(s) = -28*s - 517. Give v(-18).
-13
Let y(f) = f**2 + 6*f - 117. Calculate y(-13).
-26
Let p(w) = -w**3 - 21*w**2 + 17*w - 105. Calculate p(-22).
5
Let w(v) = 8*v - 12. What is w(9)?
60
Let s(r) = -2*r**2 + 15*r + 47. Determine s(10).
-3
Let g(f) = -12*f - 55. Calculate g(-5).
5
Let f(i) = 7*i - 40. Calculate f(7).
9
Let i(f) = -2*f**2 - 13*f + 9. Determine i(-5).
24
Let c(o) = 3*o**2 - 53*o - 11. Calculate c(18).
7
Let s(u) = -u - 10. What is s(-10)?
0
Let k(l) = -l**2 - 3*l - 6. Determine k(3).
-24
Let i(s) = s**2 - 22*s + 124. Determine i(9).
7
Let g(t) = t**2 - 4*t - 79. Give g(13).
38
Let a(z) = z - 15. What is a(0)?
-15
Let u(i) = 3*i + 7. Determine u(7).
28
Let m(b) = -b + 4. Determine m(2).
2
Let g(j) = -j**2 - 19*j - 22. Calculate g(-17).
12
Let o(q) = 2*q**2 - 16*q + 14. Calculate o(7).
0
Let h(r) = -2*r**2 - 12*r - 4. What is h(-11)?
-114
Let b(g) = -g**3 - 5*g**2 + 4*g - 5. Give b(-6).
7
Let d(t) = t**3 + 14*t**2 + 11*t - 19. Determine d(-13).
7
Let m(d) = d**3 - 6*d**2 + 28*d - 109. Calculate m(5).
6
Let h(t) = t**3 + 6*t**2 + 3*t - 4. What is h(-5)?
6
Let p(j) = -2*j - 5. What is p(-2)?
-1
Let z(y) = -72*y + 143. What is z(2)?
-1
Let k(r) = -r**2 - 6*r + 19. Calculate k(-4).
27
Let k(h) = 6*h. Calculate k(4).
24
Let p(c) = c + 6. Determine p(4).
10
Let n(g) = 4*g + 4. Calculate n(-2).
-4
Let v(r) = -5*r**2 - 4. Calculate v(-3).
-49
Let t(d) = d**2 - 35*d + 162. Determine t(5).
12
Let d(q) = 6*q + 5. Calculate d(-3).
-13
Let a(w) = w**2 + 10*w + 15. Calculate a(-6).
-9
Let y(k) = k**3 - 4*k**2 - 3*k + 6. Calculate y(3).
-12
Let c(n) = -n**3 + 4*n**2 - 13*n + 20. Give c(3).
-10
Let n(b) = 2*b**2 + 5*b + 3. Calculate n(-2).
1
Let r(m) = m - 14. Give r(8).
-6
Let l(z) = 9*z**3 + 2*z**2 - 2*z + 1. What is l(1)?
10
Let a(j) = 9*j**3 + 5*j + 5. Calculate a(-1).
-9
Let y(f) = -f**3 + 5*f**2 - 3*f + 3. Determine y(4).
7
Let n(r) = -r**2 + r - 1. Determine n(2).
-3
Let h(q) = q**3 + 3*q**2 + 4*q + 4. What is h(-3)?
-8
Let w(m) = -7*m - 42. What is w(-7)?
7
Let o(j) = j**3 + 4*j**2 + 2*j + 4. Calculate o(-3).
7
Let d(o) = o - 5. Determine d(7).
2
Let y(d) = 5*d - 26. What is y(7)?
9
Let v(o) = o**2 - 4*o - 14. Give v(6).
-2
Let j(o) = o - 8. Calculate j(-5).
-13
Let d(g) = -8*g**2 + 3. Calculate d(2).
-29
Let x(q) = -2*q**3 - 24*q**2 + 6*q + 77. Determine x(-12).
5
Let v(j) = -5*j**2 - 15*j - 13. What is v(-1)?
-3
Let n(b) = -8*b - 184. What is n(-22)?
-8
Let o(x) = -x**2 - 11*x - 17. Calculate o(-7).
11
Let h(t) = -3*t**3 - 29*t**2 + 7*t - 26. Give h(-10).
4
Let b(m) = -2*m**2 + 7*m + 5. What is b(-5)?
-80
Let q(t) = -t**2 - 4*t - 1. Give q(-2).
3
Let t(w) = 3*w**2 + 13*w + 10. Give t(-6).
40
Let y(a) = 15*a + 32. Determine y(-5).
-43
Let a(t) = 2*t - 29. Determine a(11).
-7
Let r(g) = -g**3 + 2*g**2 + g. What is r(4)?
-28
Let a(j) = 61*j - 2563. Determine a(42).
-1
Let q(r) = r**3 + 19*r**2 + 20*r + 34. Determine q(-18).
-2
Let t(y) = -2*y**3 + 4*y**2 + 6*y - 5. Determine t(4).
-45
Let j(i) = 12*i**2 - 5*i - 27. Calculate j(-3).
96
Let p(a) = 5*a - 8. What is p(3)?
7
Let l(y) = -y**3 + 6*y**2 + 3*y - 2. Determine l(7).
-30
Let p(w) = 18*w**2 - w. Give p(-1).
19
Let c(j) = -j**3 + 9*j**2 - 6*j - 54. What is c(7)?
2
Let m(o) = -2*o**2 - 20*o - 17. Give m(-9).
1
Let c(q) = -q**3 + 7*q**2 + 5*q - 20. Calculate c(7).
15
Let p(i) = -27*i + 228. What is p(9)?
-15
Let n(b) = b**3 - 6*b**2 + 17. Determine n(5).
-8
Let p(x) = -9*x - 2. Calculate p(-2).
16
Let g(q) = q**3 + 8*q**2 + 8*q - 12. What is g(-9)?
-165
Let c(o) = -o**3 + o**2 - o + 16. Give c(0).
16
Let t(i) = -i**3 + 17*i**2 + 17*i - 25. Give t(18).
-43
Let m(c) = 2*c**3 + 4*c**2 - 8*c - 6. Calculate m(-3).
0
Let s(t) = -11*t**2 + 3*t. Give s(-1).
-14
Let p(q) = q**3 + 3*q**2 - 6*q - 7. What is p(-3)?
11
Let s(w) = -2*w**3 - w**2 + 2. Determine s(-3).
47
Let q(o) = o**3 + 16*o**2 - 11. Give q(-16).
-11
Let w(h) = -h**3 - 19*h**2 - 18*h - 13. Determine w(-18).
-13
Let i(x) = -x**3 - 5*x**2 - 3*x - 5. What is i(-5)?
10
Let t(u) = 9*u - 10. Calculate t(1).
-1
Let o(p) = -2*p**3 + p**2 + 4*p - 9. Determine o(2).
-13
Let v(a) = a**3 - 5*a**2 - 5*a + 6. What is v(5)?
-19
Let m(b) = b**3 - 9*b**2 + 8*b - 2. What is m(8)?
-2
Let y(j) = j**3 + 14*j**2 - 9*j + 19. Give y(-15).
-71
Let q(h) = -h**2 - 10*h - 11. What is q(-10)?
-11
Let q(f) = 26*f**3 - 2*f**2 + f. Determine q(1).
25
Let b(m) = -2*m**3 - 7*m**2 - 6*m - 5. Determine b(-4).
35
Let f(i) = 8*i**3 + i**2 - 6*i - 7. Determine f(-1).
-8
Let t(j) = -2*j**3 + 17*j**2 + 6*j + 24. Calculate t(9).
-3
Let k(j) = j**3 + 6*j**2 + 8*j + 6. Calculate k(-5).
-9
Let r(y) = -y + 7. What is r(0)?
7
Let c(t) = -t**3 - 4*t**2 + 5*t - 8. Give c(-7).
104
Let j(n) = n**2 - 2*n + 11. Calculate j(5).
26
Let s(g) = 2*g**3 - 29*g**2 + 14*g + 7. What is s(14)?
7
Let i(z) = -z**3 - 4*z**2 + 6*z. Calculate i(-5).
-5
Let v(y) = 3*y**2 + y + 4. Give v(-2).
14
Let o(p) = -p + 8. Calculate o(-2).
10
Let r(y) = y**3 + 5*y**2 - 2*y + 4. What is r(-7)?
-80
Let w(s) = 36*s**3 + 2*s**2 - 1. What is w(-1)?
-35
Let r(w) = w + 2. Give r(-1).
1
Let l(j) = 3*j + 7. Calculate l(-1).
4
Let x(m) = -21*m**3 + 3*m + 2. What is x(-1)?
20
Let b(p) = -p**2 + 14*p - 8. Calculate b(11).
25
Let k(a) = 3*a + 3. Calculate k(6).
21
Let w(j) = -j**3 + 2*j - 2. Give w(-3).
19
Let k(c) = -c**2 - 5*c + 33. Determine k(-9).
-3
Let d(g) = 2*g**2 + 39*g + 22. What is d(-19)?
3
Let c(o) = o**2 + 4*o - 6. Calculate c(-6).
6
Let q(j) = j**2 - 5*j + 3. What is q(7)?
17
Let x(u) = -u - 3. Calculate x(-4).
1
Let h(j) = j**3 - 2*j**2 + j - 3. Give h(2).
-1
Let t(i) = i**2 - 18*i - 7. Determine t(6).
-79
Let p(l) = 2*l**2 + 15*l - 81. Calculate p(4).
11
Let o(n) = n**3 - 16*n**2 - 16*n - 23. Give o(17).
-6
Let l(t) = -t**2 + 17*t - 67. Give l(9).
5
Let g(l) = 33*l - 601. Determine g(18).
-7
Let i(a) = -a + 19. What is i(8)?
11
Let o(g) = g**2 + 2*g - 11. What is o(0)?
-11
Let l(k) = 19*k + 4. What is l(-3)?
-53
Let u(x) = -2*x**2 + 27*x + 28. Calculate u(14).
14
Let r(g) = g**2 + 3*g - 1. What is r(-3)?
-1
Let p(c) = 7*c - 40. What is p(7)?
9
Let y(z) = 13*z - 1. Give y(-1).
-14
Let x(c) = c**2 + 11*c + 34. Give x(-5).
4
Let x(c) = -c**2 + 9*c. Calculate x(7).
14
Let z(g) = 49*g - 6. Calculate z(1).
43
Let r(y) = -y**2 - 11*y - 30. What is r(-8)?
-6
Let p(i) = -3*i**2 + 23*i - 94. What is p(5)?
-54
Let n(w) = -w**2 - 15*w - 30. Give n(-12).
6
Let g(v) = -v**2 - 10*v + 13. Calculate g(-9).
22
Let p(m) = -m**2 + 4*m + 7. Calculate p(7).
-14
Let o(q) = -q**3 + 5*q**2 + 33*q - 202. Calculate o(6).
-40
Let d(k) = -k**3 - 8*k**2 - k - 79. Determine d(-9).
11
Let i(b) = 13*b - 42. Give i(3).
-3
Let g(k) = -k**2 + 18*k - 15. Give g(16).
17
Let t(d) = -2*d**2 - 10*d - 7. Determine t(-6).
-19
Let l(h) = -18*h - 258. Calculate l(-14).
-6
Let p(n) = 45*n - 13. Give p(-1).
-58
Let k(q) = -q**3 + 11*q**2 - 2*q + 6. Determine k(11).
-16
Let g(s) = s**3 - 15*s**2 + 28*s - 24. What is g(13)?
2
Let w(a) = -10*a - 60. What is w(-14)?
80
Let k(g) = g**3 + 8*g**2 + 10*g - 7. Determine k(-6).
5
Let d(q) = -q**3 - 8*q**2 + 10*q + 2. Calculate d(-9).
-7
Let z(t) = -3*t - 18. Determine z(-3).
-9
Let x(s) = -s**3 + 9*s**2 - 6*s + 4. What is x(8)?
20
Let s(g) = -20*g - 4. Determine s(-2).
36
Let z(t) = 29*t**2 - 10*t + 20. Give z(2).
116
Let g(h) = 4*h**2 - 67*h - 21. What is g(17)?
-4
Let b(t) = 18*t**2 - 397*t + 22. What i